m**2 - 4468*m - 267092. Determine h(-59).
1
Let h(d) = -114*d**2 + 2148*d + 4305. Determine h(-2).
-447
Let m(l) = 113822*l - 2390240. What is m(21)?
22
Let d(x) = 3*x**3 + 44*x**2 + 28078*x + 421407. Calculate d(-15).
12
Let a(g) = -76*g**3 - 435*g**2 - 13*g - 12. What is a(-6)?
822
Let l(j) = -11*j**3 - 13*j - 77. Determine l(-4).
679
Let j(a) = a**3 + 30*a**2 + 226*a + 3834. Give j(-25).
1309
Let y(v) = v**3 - 16*v**2 - 525*v + 1896. Give y(31).
36
Let c(p) = -217896*p - 1743177. What is c(-8)?
-9
Let m(u) = -225*u + 13541. What is m(60)?
41
Let x(c) = -10*c + 986. Calculate x(10).
886
Let a(t) = -t**3 - 432*t**2 - 44*t - 18958. Calculate a(-432).
50
Let u(o) = -53*o**3 + o**2 + 499*o - 3. Determine u(0).
-3
Let y(b) = 217*b**2 + 128*b + 369. What is y(-3)?
1938
Let i(v) = v**2 + 14*v - 2438. What is i(43)?
13
Let v(m) = 442847*m - 2657127. Determine v(6).
-45
Let k(l) = -14*l**3 + 886*l**2 - 258*l + 388. What is k(63)?
10
Let a(i) = 2*i**2 + 635*i + 5032. What is a(-8)?
80
Let d(o) = o**3 - 77*o**2 + 1018*o + 25. Give d(17).
-9
Let b(w) = -w**3 + 107*w**2 - 100*w - 17. What is b(106)?
619
Let k(m) = -m**3 + 2*m**2 + 13325*m + 66456. Calculate k(-5).
6
Let o(n) = -23896*n - 1577098. Give o(-66).
38
Let c(d) = 18*d**2 - 1380*d + 26207. What is c(42)?
-1
Let m(f) = -191*f**2 - 6670*f + 523. Give m(-35).
-2
Let n(a) = 1829*a + 5215. Give n(-3).
-272
Let t(v) = 7*v**3 + 95*v**2 + 21*v + 53. Determine t(-5).
1448
Let d(x) = 22*x**3 + 251*x**2 + 338*x + 282. Determine d(-10).
2
Let x(a) = -2*a**3 - 99*a**2 + 98*a + 2346. Give x(-50).
-54
Let u(h) = -3*h**2 + 597*h - 22043. Give u(150).
7
Let s(k) = -886*k - 15557. Give s(-21).
3049
Let y(o) = 138*o**2 + 1847*o + 28. Calculate y(-13).
-661
Let v(l) = -229133*l + 6186625. Give v(27).
34
Let v(g) = 3*g**3 + 31*g**2 - 60*g + 12. Give v(2).
40
Let d(a) = -4*a**2 + 10293*a - 244716. Determine d(24).
12
Let w(z) = 739*z - 53390. Give w(74).
1296
Let l(h) = 10545*h + 421806. What is l(-40)?
6
Let v(o) = o**3 + 35*o**2 + 184*o - 866. What is v(-29)?
-1156
Let c(d) = d**3 - 81*d**2 - 314*d - 9902. What is c(86)?
74
Let z(i) = 296*i**2 + 2782*i - 31257. Determine z(-16).
7
Let s(g) = g**3 - 90*g**2 - 177*g - 640. Give s(92).
4
Let p(d) = 265*d - 1370. What is p(9)?
1015
Let z(g) = 11*g**2 + 569*g - 19198. Give z(-75).
2
Let x(l) = 2981*l - 8949. Determine x(3).
-6
Let x(c) = 8*c**2 + 591*c + 4176. What is x(-7)?
431
Let g(f) = f**3 + 111*f**2 - 289*f + 33746. Give g(-116).
-10
Let j(h) = -46*h - 5408. What is j(-108)?
-440
Let m(z) = 1683*z**2 + 62272*z + 34. Give m(-37).
-3
Let u(s) = -s**3 - 178*s**2 + 654*s + 292. Determine u(4).
-4
Let g(h) = -h**2 + 26*h + 258. What is g(-12)?
-198
Let y(w) = 2251*w + 1445172. Calculate y(-642).
30
Let i(o) = 26464*o - 820399. What is i(31)?
-15
Let q(t) = t**3 - 713*t**2 + 752*t - 28486. Determine q(712).
-6
Let b(w) = w**2 + 6286*w - 912773. What is b(142)?
3
Let r(c) = -c**2 - 16395*c - 114779. What is r(-7)?
-63
Let w(v) = 754*v + 9845. Give w(-13).
43
Let z(h) = -2684*h + 5097. Calculate z(2).
-271
Let k(y) = 376*y + 35361. Determine k(-98).
-1487
Let m(l) = -l**3 + 771*l**2 - 4518*l - 55077. Give m(765).
3
Let k(f) = f**3 - 214*f**2 + 634*f + 1454. Calculate k(211).
1665
Let w(v) = 14*v**3 + 1667*v**2 + 205*v + 10214. What is w(-119)?
-20
Let k(c) = -23*c**2 + 237*c + 4676. Determine k(-10).
6
Let d(s) = 674*s**2 - 20889*s - 197. Determine d(31).
-42
Let g(o) = o**3 - 26*o**2 - 76*o - 97. What is g(27)?
-1420
Let a(v) = 3756*v + 7262. What is a(-2)?
-250
Let h(l) = -331221*l - 1324755. What is h(-4)?
129
Let q(y) = -2*y**3 + 649*y**2 + 10537*y + 1005. Give q(340).
-15
Let h(z) = z**3 - 102*z**2 + 2564*z + 1676. What is h(49)?
59
Let p(f) = -18992*f**2 - 417822*f + 27. What is p(-22)?
-17
Let u(m) = -m**3 - 541*m**2 - 59827*m + 1178. Calculate u(-386).
20
Let j(q) = 78*q**2 + 2929*q + 21503. Determine j(-10).
13
Let r(b) = 2135*b + 322386. Give r(-151).
1
Let b(o) = 88*o**2 + 210*o - 926. What is b(7)?
4856
Let x(i) = 10*i**3 + 167*i**2 - 84*i - 561. Calculate x(-17).
0
Let i(w) = -17*w**2 + 22*w + 78. What is i(6)?
-402
Let m(x) = -3*x**2 + 231*x - 37. Determine m(77).
-37
Let u(h) = 2*h**3 + 146*h**2 - 1126*h - 39273. Calculate u(-77).
-3
Let t(f) = -2*f**2 + 1117*f - 155960. Give t(278).
-2
Let h(a) = 8*a**2 - 272*a - 12249. Determine h(-26).
231
Let v(p) = -12*p**2 + 561*p - 104. Calculate v(46).
310
Let o(z) = 2*z**3 - 1481*z**2 + 23928*z - 26061. Determine o(724).
3
Let d(y) = 3*y**2 - 60*y - 297. Determine d(21).
-234
Let k(q) = 986104*q + 6902731. Give k(-7).
3
Let s(l) = -l**2 + 6898*l + 76008. Calculate s(-11).
9
Let t(o) = 544*o - 22893. Determine t(42).
-45
Let u(a) = -5*a**3 - 955*a**2 + 97*a + 18503. Give u(-191).
-24
Let q(a) = -184*a - 27999. Give q(-152).
-31
Let m(p) = 16*p**3 - 158*p**2 - 4*p - 170. What is m(10)?
-10
Let n(p) = -22652*p + 23398. What is n(1)?
746
Let b(v) = v**2 - 90*v - 11208. Determine b(-70).
-8
Let u(a) = -2*a**2 + 35*a + 1279. Calculate u(25).
904
Let b(l) = l**2 + 10811*l - 173245. Give b(16).
-13
Let o(z) = 21*z + 2914. Give o(-44).
1990
Let j(l) = 28*l**2 - 935*l + 1532. Calculate j(31).
-545
Let y(c) = 4386*c - 30491. Determine y(7).
211
Let q(s) = 6*s**3 - 31*s**2 - 198*s - 949. Give q(-9).
-6052
Let w(g) = -3*g**3 - 123*g**2 - 504*g - 10546. What is w(-39)?
-16
Let v(t) = -4*t**3 - 69*t**2 - 445*t + 64. Determine v(-6).
1114
Let l(i) = -147*i**3 - 2*i**2 - 3293*i - 3292. Give l(-1).
146
Let h(z) = -64*z**3 + 696*z**2 - 3*z + 997. Calculate h(11).
-4
Let n(m) = 62*m - 186. Determine n(-2).
-310
Let r(u) = 555*u + 5817. What is r(-11)?
-288
Let d(n) = 1168*n - 357973. What is d(305)?
-1733
Let l(d) = 12*d**3 - 374*d**2 - 349*d + 24. Calculate l(-1).
-13
Let p(n) = -23*n**3 - 21*n**2 + 7236*n + 7234. Calculate p(-1).
0
Let v(u) = -180129*u - 1080781. Determine v(-6).
-7
Let b(o) = -472*o - 19805. Calculate b(-43).
491
Let n(c) = -194222*c - 971133. Determine n(-5).
-23
Let z(a) = -a**3 - 2*a**2 + 226*a - 499. Determine z(-17).
-6
Let n(y) = y**3 - 1701*y**2 - 251*y + 426952. Determine n(1701).
1
Let j(g) = -g**3 - 24*g**2 - 88*g + 21. Calculate j(-4).
53
Let r(v) = v**3 + 24*v**2 + 8*v - 989. Determine r(-21).
166
Let h(u) = -2*u**3 + 18*u**2 - 70*u + 79. What is h(5)?
-71
Let v(b) = -20027*b - 19506296. Give v(-974).
2
Let r(l) = 7*l**2 - 1485*l + 1015. Calculate r(211).
-673
Let s(d) = -8811*d - 237965. Give s(-27).
-68
Let m(j) = -3*j**3 + 135*j**2 + 292*j - 344. What is m(47)?
126
Let i(o) = 4*o**2 - 699*o + 5229. Give i(8).
-107
Let p(o) = o**3 + 61*o**2 - 101*o - 2321. Determine p(-62).
97
Let d(u) = -852*u - 67311. Give d(-79).
-3
Let p(n) = -3000*n + 66003. Give p(22).
3
Let n(v) = -v**3 + 5*v**2 - 963*v + 5845. Determine n(6).
31
Let x(i) = -970*i - 8502. Determine x(-9).
228
Let s(h) = 6*h**2 + 524*h + 3961. Determine s(-79).
11
Let l(u) = 255354*u - 2553627. Give l(10).
-87
Let s(x) = -1449*x**3 + 32*x**2 + 25*x - 7. Give s(-1).
1449
Let d(v) = v**2 - 69166*v + 345801. Calculate d(5).
-4
Let a(h) = -5*h**3 + 181*h**2 - 165*h - 17. Give a(1).
-6
Let n(r) = -156*r**2 - 23*r - 13. Determine n(-1).
-146
Let q(x) = -84*x**2 + 2156*x + 751. What is q(26)?
23
Let s(g) = -g**2 + 258*g - 7124. Calculate s(225).
301
Let o(r) = r**2 - 13989*r - 3617725. Give o(-254).
-3
Let y(s) = 9376*s + 93786. Give y(-10).
26
Let s(d) = d**2 - 938*d + 217647. Give s(421).
-10
Let i(w) = w**3 + 241*w**2 + 4828*w + 185. Calculate i(-22).
-35
Let j(r) = 10*r**2 + 116*r - 284. What is j(-14)?
52
Let a(s) = s**3 - 34*s**2 - 403*s + 376. Calculate a(-10).
6
Let j(h) = -h**2 - 94*h + 1825. Calculate j(16).
65
Let h(k) = k**3 + 856*k**2 - 23957*k - 102422. What is h(-883)?
6
Let i(z) = 2*z**2 - 3836*z - 112922. Give i(-29).
4
Let d(v) = 22*v**2 - 430*v - 106. What is d(20)?
94
Let h(r) = 122845*r + 22357777. Determine h(-182).
-13
Let v(k) = -58071*k - 406085. Calculate v(-7).
412
Let x(f) = f**3 + 70*f**2 - 2325*f - 19312. Give x(-7).
50
Let a(z) = 10*z**2 + 1360*z - 4072. What is a(3)?
98
Let h(i) = 102*i + 1018. Calculate h(-12).
-206
Let b(y) = -4*y**2 - 140*y + 1986. Give b(12).
-270
Let c(n) = 314*n**2 - 1096*n - 20. Give c(4).
620
Let l(f) = 81*f - 14798. Give l(182).
-56
Let o(y) = -1864*y - 160397. What is o(-86)?
-93
Let v(d) 